{"id":786,"date":"2018-08-29T19:27:58","date_gmt":"2018-08-29T22:27:58","guid":{"rendered":"https:\/\/iesrecreo-cat.infd.edu.ar\/sitio\/profesorado-de-matematicas\/"},"modified":"2021-03-29T22:41:10","modified_gmt":"2021-03-30T01:41:10","slug":"profesorado-en-matematica","status":"publish","type":"page","link":"https:\/\/iesrecreo-cat.infd.edu.ar\/sitio\/profesorado-en-matematica\/","title":{"rendered":"Profesorado de Educaci\u00f3n Secundaria en Matem\u00e1tica"},"content":{"rendered":"<p><a href=\"https:\/\/iesrecreo-cat.infd.edu.ar\/sitio\/wp-content\/uploads\/2020\/04\/DCJ-2015_Profesorado_de_Educ_Secundaria_en_Matematica-1.pdf\"><strong><u>El Dise\u00f1o Curricular<\/u><\/strong><\/a><img decoding=\"async\" loading=\"lazy\" class=\" wp-image-859 aligncenter\" src=\"https:\/\/iesrecreo-cat.infd.edu.ar\/sitio\/wp-content\/uploads\/2020\/04\/logo-matematica.jpg\" alt=\"\" width=\"179\" height=\"195\" srcset=\"https:\/\/iesrecreo-cat.infd.edu.ar\/sitio\/wp-content\/uploads\/2020\/04\/logo-matematica.jpg 906w, https:\/\/iesrecreo-cat.infd.edu.ar\/sitio\/wp-content\/uploads\/2020\/04\/logo-matematica-768x838.jpg 768w\" sizes=\"(max-width: 179px) 100vw, 179px\" \/><\/p>\n<p>La Carrera se organiza atendiendo al siguiente plan de estudio:<\/p>\n<table width=\"699\">\n<tbody>\n<tr>\n<td colspan=\"9\" width=\"699\"><strong>PRIMER A\u00d1O<\/strong><\/td>\n<\/tr>\n<tr>\n<td rowspan=\"2\" width=\"85\">Campo de Formaci\u00f3n<\/td>\n<td rowspan=\"2\" width=\"38\">N\u00b0<\/td>\n<td rowspan=\"2\" width=\"151\">Unidad Curricular<\/td>\n<td rowspan=\"2\" width=\"66\">Formato<\/td>\n<td colspan=\"2\" width=\"132\">Horas C\u00e1tedra<\/td>\n<td colspan=\"2\" width=\"142\">Correlativas para cursar<\/td>\n<td rowspan=\"2\" width=\"85\">Correlativas para Acreditar<\/td>\n<\/tr>\n<tr>\n<td width=\"66\">1\u00b0 Cuat.<\/td>\n<td width=\"66\">2\u00b0 Cuat.<\/td>\n<td width=\"66\">Regular<\/td>\n<td width=\"76\">Aprobada<\/td>\n<\/tr>\n<tr>\n<td width=\"85\">General<\/td>\n<td width=\"38\">1<\/td>\n<td width=\"151\">Pedagog\u00eda<\/td>\n<td width=\"66\">Materia<\/td>\n<td width=\"66\">7<\/td>\n<td width=\"66\"><\/td>\n<td width=\"66\"><\/td>\n<td width=\"76\"><\/td>\n<td width=\"85\"><\/td>\n<\/tr>\n<tr>\n<td width=\"85\">General<\/td>\n<td width=\"38\">2<\/td>\n<td width=\"151\">Did\u00e1ctica General<\/td>\n<td width=\"66\">Materia<\/td>\n<td width=\"66\"><\/td>\n<td width=\"66\">7<\/td>\n<td width=\"66\"><\/td>\n<td width=\"76\"><\/td>\n<td width=\"85\"><\/td>\n<\/tr>\n<tr>\n<td width=\"85\">Pr\u00e1ctica<\/td>\n<td width=\"38\">3<\/td>\n<td width=\"151\">Instituciones Educativas y Contextos Comunitarios<\/td>\n<td width=\"66\">Taller<\/td>\n<td width=\"66\">4<\/td>\n<td width=\"66\">4<\/td>\n<td width=\"66\"><\/td>\n<td width=\"76\"><\/td>\n<td width=\"85\"><\/td>\n<\/tr>\n<tr>\n<td width=\"85\">Espec\u00edfica<\/td>\n<td width=\"38\">4<\/td>\n<td width=\"151\">Algebra Conjuntista<\/td>\n<td width=\"66\">Materia<\/td>\n<td width=\"66\">5<\/td>\n<td width=\"66\">5<\/td>\n<td width=\"66\"><\/td>\n<td width=\"76\"><\/td>\n<td width=\"85\"><\/td>\n<\/tr>\n<tr>\n<td width=\"85\">Espec\u00edfica<\/td>\n<td width=\"38\">5<\/td>\n<td width=\"151\">Geometr\u00eda M\u00e9trica y Euclidiana<\/td>\n<td width=\"66\">Materia<\/td>\n<td width=\"66\">5<\/td>\n<td width=\"66\">5<\/td>\n<td width=\"66\"><\/td>\n<td width=\"76\"><\/td>\n<td width=\"85\"><\/td>\n<\/tr>\n<tr>\n<td width=\"85\">Espec\u00edfica<\/td>\n<td width=\"38\">6<\/td>\n<td width=\"151\">Calculo Aritm\u00e9tico y Trigonom\u00e9trico<\/td>\n<td width=\"66\">Taller<\/td>\n<td width=\"66\">6<\/td>\n<td width=\"66\"><\/td>\n<td width=\"66\"><\/td>\n<td width=\"76\"><\/td>\n<td width=\"85\"><\/td>\n<\/tr>\n<tr>\n<td width=\"85\">Espec\u00edfica<\/td>\n<td width=\"38\">7<\/td>\n<td width=\"151\">Aritm\u00e9tica Formal<\/td>\n<td width=\"66\">Materia<\/td>\n<td width=\"66\"><\/td>\n<td width=\"66\">6<\/td>\n<td width=\"66\">6<\/td>\n<td width=\"76\"><\/td>\n<td width=\"85\"><\/td>\n<\/tr>\n<tr>\n<td width=\"85\"><\/td>\n<td width=\"38\">8<\/td>\n<td width=\"151\">Unidad de Definici\u00f3n Institucional<\/td>\n<td width=\"66\"><\/td>\n<td width=\"66\">2<\/td>\n<td width=\"66\">2<\/td>\n<td width=\"66\"><\/td>\n<td width=\"76\"><\/td>\n<td width=\"85\"><\/td>\n<\/tr>\n<\/tbody>\n<\/table>\n<p>&nbsp;<\/p>\n<table width=\"699\">\n<tbody>\n<tr>\n<td colspan=\"9\" width=\"699\"><strong>SEGUNDO A\u00d1O<\/strong><\/td>\n<\/tr>\n<tr>\n<td rowspan=\"2\" width=\"85\">Campo de Formaci\u00f3n<\/td>\n<td rowspan=\"2\" width=\"38\">N\u00b0<\/td>\n<td rowspan=\"2\" width=\"151\">Unidad Curricular<\/td>\n<td rowspan=\"2\" width=\"66\">Formato<\/td>\n<td colspan=\"2\" width=\"132\">Horas C\u00e1tedra<\/td>\n<td colspan=\"2\" width=\"142\">Correlativas para cursar<\/td>\n<td rowspan=\"2\" width=\"85\">Correlativas para Acreditar<\/td>\n<\/tr>\n<tr>\n<td width=\"66\">1\u00b0 Cuat.<\/td>\n<td width=\"66\">2\u00b0 Cuat.<\/td>\n<td width=\"66\">Regular<\/td>\n<td width=\"76\">Aprobada<\/td>\n<\/tr>\n<tr>\n<td width=\"85\">General<\/td>\n<td width=\"38\">9<\/td>\n<td width=\"151\">Sociolog\u00eda de la Educaci\u00f3n<\/td>\n<td width=\"66\">Materia<\/td>\n<td width=\"66\">7<\/td>\n<td width=\"66\"><\/td>\n<td width=\"66\">1<\/td>\n<td width=\"76\"><\/td>\n<td width=\"85\"><\/td>\n<\/tr>\n<tr>\n<td width=\"85\">General<\/td>\n<td width=\"38\">10<\/td>\n<td width=\"151\">Psicolog\u00eda Educacional<\/td>\n<td width=\"66\">Materia<\/td>\n<td width=\"66\">3<\/td>\n<td width=\"66\">3<\/td>\n<td width=\"66\">2<\/td>\n<td width=\"76\"><\/td>\n<td width=\"85\"><\/td>\n<\/tr>\n<tr>\n<td width=\"85\">Pr\u00e1ctica<\/td>\n<td width=\"38\">11<\/td>\n<td width=\"151\">Curriculum y Programaci\u00f3n de la Ense\u00f1anza<\/td>\n<td width=\"66\">Taller<\/td>\n<td width=\"66\">4<\/td>\n<td width=\"66\">4<\/td>\n<td width=\"66\">3<\/td>\n<td width=\"76\"><\/td>\n<td width=\"85\">3<\/td>\n<\/tr>\n<tr>\n<td width=\"85\">Espec\u00edfica<\/td>\n<td width=\"38\">12<\/td>\n<td width=\"151\">Algebra Lineal<\/td>\n<td width=\"66\">Materia<\/td>\n<td width=\"66\">4<\/td>\n<td width=\"66\">4<\/td>\n<td width=\"66\">4 y 7<\/td>\n<td width=\"76\"><\/td>\n<td width=\"85\"><\/td>\n<\/tr>\n<tr>\n<td width=\"85\">Espec\u00edfica<\/td>\n<td width=\"38\">13<\/td>\n<td width=\"151\">Geometr\u00eda Anal\u00edtica del Plano y el Espacio<\/td>\n<td width=\"66\">Materia<\/td>\n<td width=\"66\">4<\/td>\n<td width=\"66\">4<\/td>\n<td width=\"66\">5<\/td>\n<td width=\"76\"><\/td>\n<td width=\"85\">6<\/td>\n<\/tr>\n<tr>\n<td width=\"85\">Espec\u00edfica<\/td>\n<td width=\"38\">14<\/td>\n<td width=\"151\">An\u00e1lisis Matem\u00e1tico de Variable Real<\/td>\n<td width=\"66\">Materia<\/td>\n<td width=\"66\">5<\/td>\n<td width=\"66\">5<\/td>\n<td width=\"66\">4 y 7<\/td>\n<td width=\"76\"><\/td>\n<td width=\"85\">6<\/td>\n<\/tr>\n<tr>\n<td width=\"85\">Espec\u00edfica<\/td>\n<td width=\"38\">15<\/td>\n<td width=\"151\">Introducci\u00f3n a la F\u00edsica<\/td>\n<td width=\"66\">Taller<\/td>\n<td width=\"66\"><\/td>\n<td width=\"66\">5<\/td>\n<td width=\"66\">6<\/td>\n<td width=\"76\"><\/td>\n<td width=\"85\"><\/td>\n<\/tr>\n<tr>\n<td width=\"85\">Espec\u00edfica<\/td>\n<td width=\"38\">16<\/td>\n<td width=\"151\">Did\u00e1ctica de la Matem\u00e1tica para el Ciclo B\u00e1sico<\/td>\n<td width=\"66\">Materia<\/td>\n<td width=\"66\">5<\/td>\n<td width=\"66\"><\/td>\n<td width=\"66\">2 y 7<\/td>\n<td width=\"76\"><\/td>\n<td width=\"85\"><\/td>\n<\/tr>\n<tr>\n<td width=\"85\">Espec\u00edfica<\/td>\n<td width=\"38\">17<\/td>\n<td width=\"151\">Did\u00e1ctica de la Geometr\u00eda<\/td>\n<td width=\"66\">Materia<\/td>\n<td width=\"66\"><\/td>\n<td width=\"66\">5<\/td>\n<td width=\"66\">5 y 16<\/td>\n<td width=\"76\"><\/td>\n<td width=\"85\"><\/td>\n<\/tr>\n<tr>\n<td width=\"85\"><\/td>\n<td width=\"38\">18<\/td>\n<td width=\"151\">Unidad de Definici\u00f3n Institucional<\/td>\n<td width=\"66\"><\/td>\n<td width=\"66\">2<\/td>\n<td width=\"66\">2<\/td>\n<td width=\"66\"><\/td>\n<td width=\"76\"><\/td>\n<td width=\"85\"><\/td>\n<\/tr>\n<\/tbody>\n<\/table>\n<p>&nbsp;<\/p>\n<table width=\"699\">\n<tbody>\n<tr>\n<td colspan=\"9\" width=\"699\"><strong>TERCER A\u00d1O<\/strong><\/td>\n<\/tr>\n<tr>\n<td rowspan=\"2\" width=\"85\">Campo de Formaci\u00f3n<\/td>\n<td rowspan=\"2\" width=\"38\">N\u00b0<\/td>\n<td rowspan=\"2\" width=\"151\">Unidad Curricular<\/td>\n<td rowspan=\"2\" width=\"66\">Formato<\/td>\n<td colspan=\"2\" width=\"132\">Horas C\u00e1tedra<\/td>\n<td colspan=\"2\" width=\"142\">Correlativas para cursar<\/td>\n<td rowspan=\"2\" width=\"85\">Correlativas para Acreditar<\/td>\n<\/tr>\n<tr>\n<td width=\"66\">1\u00b0 Cuat.<\/td>\n<td width=\"66\">2\u00b0 Cuat.<\/td>\n<td width=\"66\">Regular<\/td>\n<td width=\"76\">Aprobada<\/td>\n<\/tr>\n<tr>\n<td width=\"85\">General<\/td>\n<td width=\"38\">19<\/td>\n<td width=\"151\">\u00c9tica y Construcci\u00f3n de Ciudadan\u00eda<\/td>\n<td width=\"66\">Materia<\/td>\n<td width=\"66\"><\/td>\n<td width=\"66\">6<\/td>\n<td width=\"66\">21<\/td>\n<td width=\"76\"><\/td>\n<td width=\"85\"><\/td>\n<\/tr>\n<tr>\n<td width=\"85\">General<\/td>\n<td width=\"38\">20<\/td>\n<td width=\"151\">TIC Aplicada a la Educaci\u00f3n<\/td>\n<td width=\"66\">Materia<\/td>\n<td width=\"66\">4<\/td>\n<td width=\"66\">4<\/td>\n<td width=\"66\"><\/td>\n<td width=\"76\"><\/td>\n<td width=\"85\"><\/td>\n<\/tr>\n<tr>\n<td width=\"85\">General<\/td>\n<td width=\"38\">21<\/td>\n<td width=\"151\">Historia y Pol\u00edtica de la Educaci\u00f3n Argentina<\/td>\n<td width=\"66\">Materia<\/td>\n<td width=\"66\">6<\/td>\n<td width=\"66\"><\/td>\n<td width=\"66\">9<\/td>\n<td width=\"76\"><\/td>\n<td width=\"85\">9<\/td>\n<\/tr>\n<tr>\n<td width=\"85\">General<\/td>\n<td width=\"38\">22<\/td>\n<td width=\"151\">Educaci\u00f3n Sexual Integral<\/td>\n<td width=\"66\">Taller<\/td>\n<td width=\"66\"><\/td>\n<td width=\"66\">4<\/td>\n<td width=\"66\"><\/td>\n<td width=\"76\"><\/td>\n<td width=\"85\"><\/td>\n<\/tr>\n<tr>\n<td width=\"85\">Pr\u00e1ctica<\/td>\n<td width=\"38\">23<\/td>\n<td width=\"151\">Practicas de la Ense\u00f1anza<\/td>\n<td width=\"66\">Taller<\/td>\n<td width=\"66\">5<\/td>\n<td width=\"66\">5<\/td>\n<td width=\"66\">16 y 17<\/td>\n<td width=\"76\">5 y 7<\/td>\n<td width=\"85\">11<\/td>\n<\/tr>\n<tr>\n<td width=\"85\">Espec\u00edfica<\/td>\n<td width=\"38\">24<\/td>\n<td width=\"151\">An\u00e1lisis Matem\u00e1tico Multivariado<\/td>\n<td width=\"66\">Materia<\/td>\n<td width=\"66\">5<\/td>\n<td width=\"66\">5<\/td>\n<td width=\"66\">13 y 14<\/td>\n<td width=\"76\"><\/td>\n<td width=\"85\">4 y 5<\/td>\n<\/tr>\n<tr>\n<td width=\"85\">Espec\u00edfica<\/td>\n<td width=\"38\">25<\/td>\n<td width=\"151\">Probabilidad<\/td>\n<td width=\"66\">Materia<\/td>\n<td width=\"66\">5<\/td>\n<td width=\"66\"><\/td>\n<td width=\"66\"><\/td>\n<td width=\"76\">4<\/td>\n<td width=\"85\"><\/td>\n<\/tr>\n<tr>\n<td width=\"85\">Espec\u00edfica<\/td>\n<td width=\"38\">26<\/td>\n<td width=\"151\">Estad\u00edstica<\/td>\n<td width=\"66\">Materia<\/td>\n<td width=\"66\"><\/td>\n<td width=\"66\">5<\/td>\n<td width=\"66\">25<\/td>\n<td width=\"76\"><\/td>\n<td width=\"85\">7<\/td>\n<\/tr>\n<tr>\n<td width=\"85\">Espec\u00edfica<\/td>\n<td width=\"38\">27<\/td>\n<td width=\"151\">Did\u00e1ctica de la Matem\u00e1tica para Ciclo Orientado<\/td>\n<td width=\"66\">Seminario<\/td>\n<td width=\"66\">5<\/td>\n<td width=\"66\"><\/td>\n<td width=\"66\">17<\/td>\n<td width=\"76\"><\/td>\n<td width=\"85\">16<\/td>\n<\/tr>\n<tr>\n<td width=\"85\"><\/td>\n<td width=\"38\">28<\/td>\n<td width=\"151\">Unidad de Definici\u00f3n Institucional<\/td>\n<td width=\"66\"><\/td>\n<td width=\"66\">2<\/td>\n<td width=\"66\">2<\/td>\n<td width=\"66\"><\/td>\n<td width=\"76\"><\/td>\n<td width=\"85\"><\/td>\n<\/tr>\n<\/tbody>\n<\/table>\n<p>&nbsp;<\/p>\n<table width=\"699\">\n<tbody>\n<tr>\n<td colspan=\"9\" width=\"699\"><strong>CUARTO A\u00d1O<\/strong><\/td>\n<\/tr>\n<tr>\n<td rowspan=\"2\" width=\"85\">Campo de Formaci\u00f3n<\/td>\n<td rowspan=\"2\" width=\"38\">N\u00b0<\/td>\n<td rowspan=\"2\" width=\"151\">Unidad Curricular<\/td>\n<td rowspan=\"2\" width=\"66\">Formato<\/td>\n<td colspan=\"2\" width=\"132\">Horas C\u00e1tedra<\/td>\n<td colspan=\"2\" width=\"142\">Correlativas para cursar<\/td>\n<td rowspan=\"2\" width=\"85\">Correlativas para Acreditar<\/td>\n<\/tr>\n<tr>\n<td width=\"66\">1\u00b0 Cuat.<\/td>\n<td width=\"66\">2\u00b0 Cuat.<\/td>\n<td width=\"66\">Regular<\/td>\n<td width=\"76\">Aprobada<\/td>\n<\/tr>\n<tr>\n<td width=\"85\">General<\/td>\n<td width=\"38\">29<\/td>\n<td width=\"151\">Filosof\u00eda de la Educaci\u00f3n<\/td>\n<td width=\"66\">Materia<\/td>\n<td width=\"66\">7<\/td>\n<td width=\"66\"><\/td>\n<td width=\"66\"><\/td>\n<td width=\"76\"><\/td>\n<td width=\"85\"><\/td>\n<\/tr>\n<tr>\n<td width=\"85\">General<\/td>\n<td width=\"38\">30<\/td>\n<td width=\"151\">Problem\u00e1ticas de la Educaci\u00f3n Secundaria<\/td>\n<td width=\"66\">Materia<\/td>\n<td width=\"66\"><\/td>\n<td width=\"66\">7<\/td>\n<td width=\"66\">29<\/td>\n<td width=\"76\"><\/td>\n<td width=\"85\"><\/td>\n<\/tr>\n<tr>\n<td width=\"85\">Pr\u00e1ctica<\/td>\n<td width=\"38\">31<\/td>\n<td width=\"151\">Pr\u00e1ctica Docente y Residencia<\/td>\n<td width=\"66\">Taller<\/td>\n<td width=\"66\">6<\/td>\n<td width=\"66\">6<\/td>\n<td width=\"66\">25 y 26<\/td>\n<td width=\"76\">12, 13 y 23<\/td>\n<td width=\"85\">27<\/td>\n<\/tr>\n<tr>\n<td width=\"85\">Espec\u00edfica<\/td>\n<td width=\"38\">32<\/td>\n<td width=\"151\">Fundamentos de la Matem\u00e1tica<\/td>\n<td width=\"66\">Materia<\/td>\n<td width=\"66\">4<\/td>\n<td width=\"66\">4<\/td>\n<td width=\"66\"><\/td>\n<td width=\"76\">4<\/td>\n<td width=\"85\">12<\/td>\n<\/tr>\n<tr>\n<td width=\"85\">Espec\u00edfica<\/td>\n<td width=\"38\">33<\/td>\n<td width=\"151\">An\u00e1lisis de Variable Compleja<\/td>\n<td width=\"66\">Materia<\/td>\n<td width=\"66\">5<\/td>\n<td width=\"66\"><\/td>\n<td width=\"66\">24<\/td>\n<td width=\"76\">12<\/td>\n<td width=\"85\">14<\/td>\n<\/tr>\n<tr>\n<td width=\"85\">Espec\u00edfica<\/td>\n<td width=\"38\">34<\/td>\n<td width=\"151\">Ecuaciones Diferenciales<\/td>\n<td width=\"66\">Materia<\/td>\n<td width=\"66\"><\/td>\n<td width=\"66\">5<\/td>\n<td width=\"66\"><\/td>\n<td width=\"76\">14<\/td>\n<td width=\"85\"><\/td>\n<\/tr>\n<tr>\n<td width=\"85\">Espec\u00edfica<\/td>\n<td width=\"38\">35<\/td>\n<td width=\"151\">Epistemolog\u00eda e Historia de la Matem\u00e1tica<\/td>\n<td width=\"66\">Materia<\/td>\n<td width=\"66\">4<\/td>\n<td width=\"66\"><\/td>\n<td width=\"66\"><\/td>\n<td width=\"76\"><\/td>\n<td width=\"85\"><\/td>\n<\/tr>\n<tr>\n<td width=\"85\">Espec\u00edfica<\/td>\n<td width=\"38\">36<\/td>\n<td width=\"151\">Matem\u00e1tica Aplicada<\/td>\n<td width=\"66\">Materia<\/td>\n<td width=\"66\"><\/td>\n<td width=\"66\">4<\/td>\n<td width=\"66\">26<\/td>\n<td width=\"76\">12 y 15<\/td>\n<td width=\"85\">14<\/td>\n<\/tr>\n<tr>\n<td width=\"85\">Espec\u00edfica<\/td>\n<td width=\"38\">37<\/td>\n<td width=\"151\">Sujeto de la Educaci\u00f3n Secundaria<\/td>\n<td width=\"66\">Materia<\/td>\n<td width=\"66\">2<\/td>\n<td width=\"66\">2<\/td>\n<td width=\"66\"><\/td>\n<td width=\"76\"><\/td>\n<td width=\"85\"><\/td>\n<\/tr>\n<tr>\n<td width=\"85\"><\/td>\n<td width=\"38\">38<\/td>\n<td width=\"151\">Unidad de definici\u00f3n Institucional<\/td>\n<td width=\"66\"><\/td>\n<td width=\"66\">3<\/td>\n<td width=\"66\">3<\/td>\n<td width=\"66\"><\/td>\n<td width=\"76\"><\/td>\n<td width=\"85\"><\/td>\n<\/tr>\n<\/tbody>\n<\/table>\n<p>&nbsp;<\/p>\n","protected":false},"excerpt":{"rendered":"<p>El Dise\u00f1o Curricular La Carrera se organiza atendiendo al siguiente plan de estudio: PRIMER A\u00d1O Campo de Formaci\u00f3n N\u00b0 Unidad Curricular Formato Horas C\u00e1tedra Correlativas para cursar Correlativas para Acreditar 1\u00b0 Cuat. 2\u00b0 Cuat. Regular Aprobada General 1 Pedagog\u00eda Materia 7 General 2 Did\u00e1ctica General Materia 7 Pr\u00e1ctica 3 Instituciones Educativas y Contextos Comunitarios Taller &#8230; <a title=\"Profesorado de Educaci\u00f3n Secundaria en Matem\u00e1tica\" class=\"read-more\" href=\"https:\/\/iesrecreo-cat.infd.edu.ar\/sitio\/profesorado-en-matematica\/\" aria-label=\"More on Profesorado de Educaci\u00f3n Secundaria en Matem\u00e1tica\">[+]<\/a><\/p>\n","protected":false},"author":15,"featured_media":0,"parent":0,"menu_order":0,"comment_status":"closed","ping_status":"closed","template":"","meta":[],"acf":[],"_links":{"self":[{"href":"https:\/\/iesrecreo-cat.infd.edu.ar\/sitio\/wp-json\/wp\/v2\/pages\/786"}],"collection":[{"href":"https:\/\/iesrecreo-cat.infd.edu.ar\/sitio\/wp-json\/wp\/v2\/pages"}],"about":[{"href":"https:\/\/iesrecreo-cat.infd.edu.ar\/sitio\/wp-json\/wp\/v2\/types\/page"}],"author":[{"embeddable":true,"href":"https:\/\/iesrecreo-cat.infd.edu.ar\/sitio\/wp-json\/wp\/v2\/users\/15"}],"replies":[{"embeddable":true,"href":"https:\/\/iesrecreo-cat.infd.edu.ar\/sitio\/wp-json\/wp\/v2\/comments?post=786"}],"version-history":[{"count":6,"href":"https:\/\/iesrecreo-cat.infd.edu.ar\/sitio\/wp-json\/wp\/v2\/pages\/786\/revisions"}],"predecessor-version":[{"id":933,"href":"https:\/\/iesrecreo-cat.infd.edu.ar\/sitio\/wp-json\/wp\/v2\/pages\/786\/revisions\/933"}],"wp:attachment":[{"href":"https:\/\/iesrecreo-cat.infd.edu.ar\/sitio\/wp-json\/wp\/v2\/media?parent=786"}],"curies":[{"name":"wp","href":"https:\/\/api.w.org\/{rel}","templated":true}]}}